7*w + 4. What is the units digit of i(-15)?
4
Let x = 238 - 133. What is the tens digit of x?
0
Suppose 5*j = 3 + 7. What is the units digit of (-2 + j)/(-2) + 9?
9
Suppose -3*j = -p + 5*p + 16, -4*j + 16 = -4*p. Suppose 5*r = j, 3*r - 3 = -3*b - r. What is the units digit of 8 - (1 - b - 0)?
8
What is the hundreds digit of (12 + 4)*((-39)/(-4) - 3)?
1
Suppose 4*b = -5*r + 312, 5*b = r + 4*r + 435. What is the tens digit of b?
8
Suppose 0*a + 23 = 2*a + 3*y, 2*a - 2*y + 2 = 0. Let k be a/(8/(-10)) + 1. Let j(p) = p**2 - 4. What is the units digit of j(k)?
2
Suppose 5*z - 15 = 2*z. Suppose x - 11 = z*j - j, j - 7 = -3*x. What is the units digit of x?
3
What is the tens digit of 137*(-4)/(16/(-4))?
3
Let m(p) = 2*p**2 + 2*p + 3 + 0*p**3 - 3*p**2 - p**3. What is the units digit of m(-4)?
3
Let f(l) = l. Let s(u) = -u**2 + 2*u - 8. Let q(z) = -5*f(z) - s(z). Let o(k) = -3*k - 5. Let w be o(-4). What is the units digit of q(w)?
8
Let a = -3 + 6. What is the tens digit of ((-26)/a)/(4/(-6))?
1
Suppose 2*v - 25 = v. Suppose 2*q = 4*r - 0*r - 6, -5*q + 2*r = -v. What is the units digit of q?
7
Let v(y) = -y**3 + 2*y**2 - 2*y - 13. What is the units digit of v(-4)?
1
Let j = 1 - -2. Suppose 2 = 2*o - 2*v, -j*o + 2 = -2*v - 4. What is the units digit of o?
4
Let o = -15 - -19. Suppose o*p - 80 = 76. What is the units digit of p?
9
Let d = -23 + 23. Suppose -5 = y - 1, d = -z + 4*y + 73. What is the units digit of z?
7
Let i = -51 + 104. What is the units digit of i?
3
Let m(o) = o**3 - 5*o**2 + 6. Let g(p) = p**3 - p**2 + p + 5. Let u be (2 + -3)/(-1)*0. Let q be g(u). What is the units digit of m(q)?
6
Let y(p) = -p**3 + 4*p**2 - 2*p + 4. What is the units digit of y(3)?
7
Let u = 4 + -2. Let g(h) be the second derivative of h**5/20 - h**4/6 + h**2/2 - h. What is the units digit of g(u)?
1
Suppose -2*v + 41 = 3*a, 13 = 5*v + 38. Let h = -4 + a. What is the units digit of h?
3
Let w(n) = -n**2 + 10*n - 9. Let y be w(7). Suppose 36 = -10*g + y*g. What is the units digit of g?
8
Let b(k) = k**3 - 7*k**2 + 7*k - 1. Let d be b(6). Suppose 0 = d*n - 45 + 5. What is the units digit of -4 + 6/3 + n?
6
Suppose -3*j = -4*r - 14 + 37, 2*j - 8 = -2*r. Let t(y) = 30*y**2. What is the units digit of t(j)?
0
Suppose 4*j - 21 = -5*i, -j + 3*i = -0*j - 1. Let f be (1 + -1)/(2 - j). Suppose f = -5*q - 5*p + 2*p + 36, 0 = q - 5*p + 4. What is the units digit of q?
6
Let f(u) = -u + 9. Suppose 0*y + o - 25 = -4*y, -3*o + 30 = 3*y. Suppose -2*q + 5*b - 10 = 0, q + 15 = y*b + 5. What is the units digit of f(q)?
9
Suppose 5*f = 2*n - 647, -4*f = -6*f + 6. What is the units digit of n?
1
Suppose -q = 2*z - 5, 0 = q + 2*z - 5*z - 5. Suppose q*a = 2*a + 6. What is the units digit of a?
2
Suppose m = -5*g - 2*m + 12, 20 = -g + 5*m. Suppose 3*j + 2 - 8 = g. Suppose -j*l = -5 - 25. What is the tens digit of l?
1
Suppose 4*u = y - 8, -5*u + u = 4*y + 8. Suppose y*h + 5*t = 2*h + 11, 4*h - 2*t = 2. Suppose 10 = 5*b + 2*k, h*b + 4*k = 4*b - 4. What is the units digit of b?
2
Let v(g) be the second derivative of g**4/12 + g**3/2 - 5*g**2 + g. What is the tens digit of v(-7)?
1
Let k(z) = -z**3 - 4*z**2 - 3*z - 4. Suppose -4*x + 4 = -2*s - 0, 0 = 4*s + 8. Let y(o) = o**3 - o**2 - o - 4. Let j be y(x). What is the units digit of k(j)?
8
Let b be 16/(-6) + 16/24. Let y(a) = -15*a - 1. Let k be y(b). Suppose -k - 3 = -2*l. What is the tens digit of l?
1
Let c(k) = -k**2 + 5*k - 2. Let r be c(2). Suppose 4*t = 4*y - 60 - r, 0 = -t - 4. What is the tens digit of y?
1
Suppose 5*k - p = 9, -k + 0*k - 2*p + 4 = 0. What is the units digit of k?
2
Let z(p) = -p - 5. Let i be z(-8). What is the units digit of 9 + 2 - (i + 0)?
8
Let l(i) = 2*i**2 - 4*i + 15. What is the hundreds digit of l(-6)?
1
Let r(y) = 2*y**2 - 9*y + 26. What is the units digit of r(10)?
6
Let j(p) = 3*p + 20. What is the units digit of j(9)?
7
Suppose -188 = -2*o - 2*o. What is the units digit of o?
7
Suppose 0*k - 4*k = -256. Suppose 0*a - 2*i = -2*a + k, 2*i = -3*a + 71. What is the tens digit of a?
2
Suppose p + 2 = -5*s, 3*p = s + 2*s + 12. Suppose -2*o + 3*f = -5 + 2, p*o + 3*f = 12. What is the units digit of o?
3
Suppose 0 = -4*w + 4 + 8. Let y = w - -2. Suppose -y*z - j + 40 = 0, 2*z - 3*j - 4 = 29. What is the units digit of z?
9
Let l(d) = 5*d + 5. What is the tens digit of l(9)?
5
Let o(t) be the second derivative of -t**5/20 + t**4/3 - t**3/3 - t**2/2 - 2*t. Let u be o(2). Suppose -7*b = -u*b - 68. What is the tens digit of b?
1
Let r = -21 - -34. What is the units digit of r?
3
What is the units digit of (-725)/(-5) + 4/((-8)/6)?
2
Suppose 4*s + 112 = 4*d, -d - 2*d + 80 = s. What is the tens digit of d?
2
Suppose -5 + 1 = -z. Suppose -z*j = -6 + 2. What is the units digit of j?
1
Let y = -85 + 467. What is the tens digit of y?
8
Let p = 60 - 20. What is the units digit of p?
0
Let n(a) = -9*a - 13. Let u(b) = 5*b + 6. Let i(q) = -4*n(q) - 9*u(q). What is the units digit of i(-1)?
7
Suppose -3*r + 7 = -23. Suppose 0 = -2*p + 10 + r. What is the tens digit of p?
1
Suppose 0 = -3*c, -19 = -t - 3*c - c. What is the units digit of t?
9
Suppose -1375 = 3*a + 182. What is the tens digit of a/(-15) + 4/10?
3
Let q(c) = -c + 10. Let w be q(0). Suppose 2*j - 9 = -3*k, -5*j + w*j + 15 = 5*k. Suppose j*u = -3*u + 3. What is the units digit of u?
1
Let s(x) = x**2 - 4. Let f be s(-6). Suppose -115 = 5*h - 0*h. Let g = f + h. What is the units digit of g?
9
Let n(c) = 1 - 7 + 5*c + 2 + 0. What is the units digit of n(3)?
1
Let s(k) = -2*k**2 + 2*k**3 + 4*k**2 - 4*k**2 - k - 1. What is the units digit of s(2)?
5
What is the tens digit of -5 + 14/3 - 1106/(-6)?
8
Let d(j) = -j**2 - 2*j + 2. Let f be d(-2). Let g(h) = -6*h**f - 2 + h**2 + h**3 + 1 + 6*h. What is the units digit of g(4)?
7
Suppose 0 = 4*y - 25 - 175. What is the tens digit of y?
5
Suppose 0 = 3*b - 8 - 73. What is the tens digit of b?
2
Let c(y) = 27*y + 7. Let g be 1/3 + 13/(-3). Let d(o) = 13*o + 3. Let f(h) = g*c(h) + 9*d(h). What is the units digit of f(1)?
8
Suppose -176 - 32 = -4*b. Suppose 4*r + b = -0*r. Let m = -5 - r. What is the units digit of m?
8
Let j = 6 - -2. Let g = j + 6. What is the tens digit of g?
1
Let d = -113 + 200. What is the units digit of d?
7
Suppose 0*q = 5*q - 140. What is the tens digit of q?
2
Suppose 4*b = -52 - 32. Let j be 7/b + (-61)/(-3). Suppose -j = -3*d + 7. What is the units digit of d?
9
Suppose 5*z - 13 = -5*x + 17, -5*z + 5*x = -20. What is the units digit of 24 - -2 - (3 - z)?
8
Let u(v) = -v**3 + 17*v**2 + 22*v - 15. What is the units digit of u(18)?
7
Let d(h) be the first derivative of h**4/4 + 7*h**3/3 - 11*h**2/2 - 2*h + 4. What is the units digit of d(-8)?
2
Let h(q) = q**2 - 6*q + 7. Let t be h(6). Let u(f) be the second derivative of -f**3/6 + 8*f**2 - 3*f. What is the units digit of u(t)?
9
Let y(p) = 11*p**2 + 12*p - 14. Let b(g) = -4*g**2 - 4*g + 5. Let z(t) = -8*b(t) - 3*y(t). Let d = -13 + 9. What is the units digit of z(d)?
2
Let t = 5 - 1. Suppose -36 = -5*r - 4*w, w = r - w + t. What is the units digit of r?
4
What is the units digit of (4 + 42/9)*3?
6
Let j = 69 - -65. What is the tens digit of j?
3
Suppose 0*n - 7*n + 371 = 0. What is the tens digit of n?
5
Suppose -3*o = -2*u + 2, o + 3 + 7 = 2*u. Suppose 4*d - 17 = -w, -w + 0*w - u = -2*d. What is the units digit of w?
1
Let k = -59 + 29. What is the tens digit of 89/3 + 20/k?
2
Let t = 1 - -3. Suppose 0 = 3*b + 5*c - 96, -t*b + 78 + 18 = -4*c. What is the units digit of b?
7
Let t(s) = -12*s**3 - 1. Let k be ((-2)/(-6))/((-8)/24). What is the units digit of t(k)?
1
Suppose t - 2*t = -6. Suppose -x + t = 2*x. Suppose -4*l - 3*g = -5, -6*g + x*g = -2*l + 30. What is the units digit of l?
5
What is the hundreds digit of (-169)/(4/24 - 2/3)?
3
Let l = -5 + 5. Let r = l + 3. What is the units digit of r?
3
Suppose 48 + 18 = 3*w. What is the units digit of w?
2
Let t = 125 - 101. What is the tens digit of t?
2
Suppose 25 = -5*l, 2*d + 2*d = -3*l - 15. Suppose d = 4*t - 5*z - 77, -3*t - 4*z + 34 = -3*z. What is the units digit of t?
3
Let i(j) = -4*j - 17. Let h(l) = l**3 - 6*l**2 + 4*l - 2. Let a be h(4). What is the units digit of i(a)?
5
Suppose a + 5*z = 73, -3*z = -0*z + 6. What is the units digit of a?
3
Suppose 4*a - 2*i = 468, 2*a = 3*i - i 